{"id":3,"date":"2025-03-18T12:14:11","date_gmt":"2025-03-18T12:14:11","guid":{"rendered":"https:\/\/reisinger-adrian.web.kslinz.at\/Maennerbrau\/?page_id=3"},"modified":"2025-05-10T20:37:48","modified_gmt":"2025-05-10T20:37:48","slug":"datenschutz","status":"publish","type":"page","link":"https:\/\/reisinger-adrian.web.kslinz.at\/Maennerbrau\/index.php\/datenschutz\/","title":{"rendered":"Datenschutz"},"content":{"rendered":"\n<h1 class=\"wp-block-heading gtfy-1\" style=\"font-size:2.5rem\"><strong>Datenschutzerkl\u00e4rung<\/strong><\/h1>\n\n\n\n<p class=\"gtfy-4\">Der Schutz Ihrer pers\u00f6nlichen Daten ist uns ein besonderes Anliegen. Wir verarbeiten Ihre Daten daher ausschlie\u00dflich auf Grundlage der gesetzlichen Bestimmungen (DSGVO, TKG 2003). In dieser Datenschutzerkl\u00e4rung informieren wir Sie \u00fcber die wichtigsten Aspekte der Datenverarbeitung im Rahmen unserer Website.<\/p>\n\n\n\n<hr class=\"wp-block-separator has-alpha-channel-opacity gtfy-7\"\/>\n\n\n\n<h4 class=\"wp-block-heading gtfy-10\">1. <strong>Kontakt mit uns<\/strong><\/h4>\n\n\n\n<p class=\"gtfy-13\">Wenn Sie per Formular auf der Website oder per E-Mail Kontakt mit uns aufnehmen, werden Ihre angegebenen Daten zwecks Bearbeitung der Anfrage und f\u00fcr den Fall von Anschlussfragen sechs Monate bei uns gespeichert. Diese Daten geben wir nicht ohne Ihre Einwilligung weiter.<\/p>\n\n\n\n<hr class=\"wp-block-separator has-alpha-channel-opacity gtfy-16\"\/>\n\n\n\n<h4 class=\"wp-block-heading gtfy-19\">2. <strong>Speicherung von Zugriffsdaten<\/strong><\/h4>\n\n\n\n<p class=\"gtfy-22\">Beim Besuch unserer Website werden automatisch Informationen allgemeiner Natur erfasst. Diese Informationen (Server-Logfiles) beinhalten etwa:<\/p>\n\n\n\n<ul class=\"wp-block-list gtfy-30\">\n<li class=\"gtfy-25 gutenify-list-item\">IP-Adresse<\/li>\n\n\n\n<li class=\"gtfy-26 gutenify-list-item\">Browsertyp und -version<\/li>\n\n\n\n<li class=\"gtfy-27 gutenify-list-item\">verwendetes Betriebssystem<\/li>\n\n\n\n<li class=\"gtfy-28 gutenify-list-item\">Referrer-URL<\/li>\n\n\n\n<li class=\"gtfy-29 gutenify-list-item\">Uhrzeit der Serveranfrage<\/li>\n<\/ul>\n\n\n\n<p class=\"gtfy-33\">Diese Daten sind nicht bestimmten Personen zuordenbar und werden auch nicht mit anderen Datenquellen zusammengef\u00fchrt.<\/p>\n\n\n\n<hr class=\"wp-block-separator has-alpha-channel-opacity gtfy-36\"\/>\n\n\n\n<h4 class=\"wp-block-heading gtfy-39\">3. <strong>Cookies<\/strong><\/h4>\n\n\n\n<p class=\"gtfy-42\">Unsere Website verwendet sogenannte Cookies. Dabei handelt es sich um kleine Textdateien, die mit Hilfe des Browsers auf Ihrem Endger\u00e4t abgelegt werden. Sie richten keinen Schaden an.<\/p>\n\n\n\n<p class=\"gtfy-45\">Wir nutzen Cookies dazu, unser Angebot nutzerfreundlich zu gestalten. Einige Cookies bleiben auf Ihrem Endger\u00e4t gespeichert, bis Sie diese l\u00f6schen.<\/p>\n\n\n\n<p class=\"gtfy-48\">Wenn Sie das nicht w\u00fcnschen, so k\u00f6nnen Sie Ihren Browser so einrichten, dass er Sie \u00fcber das Setzen von Cookies informiert und Sie dies nur im Einzelfall erlauben.<\/p>\n\n\n\n<hr class=\"wp-block-separator has-alpha-channel-opacity gtfy-51\"\/>\n\n\n\n<h4 class=\"wp-block-heading gtfy-54\">4. <strong>Webshop (WooCommerce)<\/strong><\/h4>\n\n\n\n<p class=\"gtfy-57\">F\u00fcr die Abwicklung von Bestellungen auf unserer Website verwenden wir das WordPress-Plugin <strong>WooCommerce<\/strong>. Dabei werden personenbezogene Daten wie Name, Adresse, E-Mail-Adresse und Zahlungsdaten gespeichert.<\/p>\n\n\n\n<p class=\"gtfy-60\">Diese Daten werden ausschlie\u00dflich zur Vertragserf\u00fcllung verwendet und nicht an Dritte weitergegeben, au\u00dfer dies ist zur Vertragsabwicklung erforderlich (z.\u202fB. Zahlungsanbieter, Versanddienstleister).<\/p>\n\n\n\n<hr class=\"wp-block-separator has-alpha-channel-opacity gtfy-63\"\/>\n\n\n\n<h4 class=\"wp-block-heading gtfy-66\">5. <strong>Google Fonts<\/strong><\/h4>\n\n\n\n<p class=\"gtfy-69\">Unsere Website verwendet Schriftarten von Google Fonts. Beim Laden dieser Schriften wird Ihre IP-Adresse an Google \u00fcbertragen. Wenn Sie das nicht m\u00f6chten, k\u00f6nnen Sie in Ihrem Browser Webfonts blockieren.<\/p>\n\n\n\n<hr class=\"wp-block-separator has-alpha-channel-opacity gtfy-72\"\/>\n\n\n\n<h4 class=\"wp-block-heading gtfy-75\">6. <strong>Diagramme und Analyse<\/strong><\/h4>\n\n\n\n<p class=\"gtfy-78\">Zur grafischen Darstellung von Daten nutzen wir JavaScript-Bibliotheken wie <strong>Chart.js<\/strong>. Diese erfassen keine personenbezogenen Daten, k\u00f6nnen aber Verbindungen zu CDN-Servern (Content Delivery Networks) herstellen.<\/p>\n\n\n\n<hr class=\"wp-block-separator has-alpha-channel-opacity gtfy-81\"\/>\n\n\n\n<h4 class=\"wp-block-heading gtfy-84\">7. <strong>Ihre Rechte<\/strong><\/h4>\n\n\n\n<p class=\"gtfy-87\">Ihnen stehen grunds\u00e4tzlich die Rechte auf:<\/p>\n\n\n\n<ul class=\"wp-block-list gtfy-96\">\n<li class=\"gtfy-90 gutenify-list-item\">Auskunft<\/li>\n\n\n\n<li class=\"gtfy-91 gutenify-list-item\">Berichtigung<\/li>\n\n\n\n<li class=\"gtfy-92 gutenify-list-item\">L\u00f6schung<\/li>\n\n\n\n<li class=\"gtfy-93 gutenify-list-item\">Einschr\u00e4nkung<\/li>\n\n\n\n<li class=\"gtfy-94 gutenify-list-item\">Daten\u00fcbertragbarkeit<\/li>\n\n\n\n<li class=\"gtfy-95 gutenify-list-item\">Widerruf und Widerspruch<\/li>\n<\/ul>\n\n\n\n<p class=\"gtfy-99\">Wenn Sie glauben, dass die Verarbeitung Ihrer Daten gegen das Datenschutzrecht verst\u00f6\u00dft, k\u00f6nnen Sie sich bei der <strong>Datenschutzbeh\u00f6rde<\/strong> beschweren.<\/p>\n","protected":false},"excerpt":{"rendered":"<p>Datenschutzerkl\u00e4rung Der Schutz Ihrer pers\u00f6nlichen Daten ist uns ein besonderes Anliegen. Wir verarbeiten Ihre Daten [&hellip;]<\/p>\n","protected":false},"author":1,"featured_media":0,"parent":0,"menu_order":0,"comment_status":"closed","ping_status":"closed","template":"","meta":{"footnotes":""},"class_list":["post-3","page","type-page","status-publish","hentry"],"_links":{"self":[{"href":"https:\/\/reisinger-adrian.web.kslinz.at\/Maennerbrau\/index.php\/wp-json\/wp\/v2\/pages\/3","targetHints":{"allow":["GET"]}}],"collection":[{"href":"https:\/\/reisinger-adrian.web.kslinz.at\/Maennerbrau\/index.php\/wp-json\/wp\/v2\/pages"}],"about":[{"href":"https:\/\/reisinger-adrian.web.kslinz.at\/Maennerbrau\/index.php\/wp-json\/wp\/v2\/types\/page"}],"author":[{"embeddable":true,"href":"https:\/\/reisinger-adrian.web.kslinz.at\/Maennerbrau\/index.php\/wp-json\/wp\/v2\/users\/1"}],"replies":[{"embeddable":true,"href":"https:\/\/reisinger-adrian.web.kslinz.at\/Maennerbrau\/index.php\/wp-json\/wp\/v2\/comments?post=3"}],"version-history":[{"count":3,"href":"https:\/\/reisinger-adrian.web.kslinz.at\/Maennerbrau\/index.php\/wp-json\/wp\/v2\/pages\/3\/revisions"}],"predecessor-version":[{"id":438,"href":"https:\/\/reisinger-adrian.web.kslinz.at\/Maennerbrau\/index.php\/wp-json\/wp\/v2\/pages\/3\/revisions\/438"}],"wp:attachment":[{"href":"https:\/\/reisinger-adrian.web.kslinz.at\/Maennerbrau\/index.php\/wp-json\/wp\/v2\/media?parent=3"}],"curies":[{"name":"wp","href":"https:\/\/api.w.org\/{rel}","templated":true}]}}