{"id":180,"date":"2025-05-06T20:38:59","date_gmt":"2025-05-06T20:38:59","guid":{"rendered":"https:\/\/reisinger-adrian.web.kslinz.at\/Maennerbrau\/index.php\/produkt\/wieselburger-stammbraeu\/"},"modified":"2025-05-06T21:27:04","modified_gmt":"2025-05-06T21:27:04","slug":"wieselburger-stammbraeu","status":"publish","type":"product","link":"https:\/\/reisinger-adrian.web.kslinz.at\/Maennerbrau\/index.php\/produkt\/wieselburger-stammbraeu\/","title":{"rendered":"Wieselburger Stammbr\u00e4u"},"content":{"rendered":"<p>Wieselburger Stammbr\u00e4u ist ein klassisches Bier aus \u00d6sterreich, das mit traditioneller Braukunst \u00fcberzeugt.<\/p>\n","protected":false},"excerpt":{"rendered":"<p>Wieselburger Stammbr\u00e4u ist ein klassisches Bier aus \u00d6sterreich, das mit traditioneller Braukunst \u00fcberzeugt.<\/p>\n","protected":false},"featured_media":225,"template":"","meta":[],"product_brand":[],"product_cat":[21],"product_tag":[22],"class_list":{"0":"post-180","1":"product","2":"type-product","3":"status-publish","4":"has-post-thumbnail","6":"product_cat-bier","7":"product_tag-oesterreich","9":"first","10":"instock","11":"shipping-taxable","12":"purchasable","13":"product-type-simple"},"_links":{"self":[{"href":"https:\/\/reisinger-adrian.web.kslinz.at\/Maennerbrau\/index.php\/wp-json\/wp\/v2\/product\/180","targetHints":{"allow":["GET"]}}],"collection":[{"href":"https:\/\/reisinger-adrian.web.kslinz.at\/Maennerbrau\/index.php\/wp-json\/wp\/v2\/product"}],"about":[{"href":"https:\/\/reisinger-adrian.web.kslinz.at\/Maennerbrau\/index.php\/wp-json\/wp\/v2\/types\/product"}],"wp:featuredmedia":[{"embeddable":true,"href":"https:\/\/reisinger-adrian.web.kslinz.at\/Maennerbrau\/index.php\/wp-json\/wp\/v2\/media\/225"}],"wp:attachment":[{"href":"https:\/\/reisinger-adrian.web.kslinz.at\/Maennerbrau\/index.php\/wp-json\/wp\/v2\/media?parent=180"}],"wp:term":[{"taxonomy":"product_brand","embeddable":true,"href":"https:\/\/reisinger-adrian.web.kslinz.at\/Maennerbrau\/index.php\/wp-json\/wp\/v2\/product_brand?post=180"},{"taxonomy":"product_cat","embeddable":true,"href":"https:\/\/reisinger-adrian.web.kslinz.at\/Maennerbrau\/index.php\/wp-json\/wp\/v2\/product_cat?post=180"},{"taxonomy":"product_tag","embeddable":true,"href":"https:\/\/reisinger-adrian.web.kslinz.at\/Maennerbrau\/index.php\/wp-json\/wp\/v2\/product_tag?post=180"}],"curies":[{"name":"wp","href":"https:\/\/api.w.org\/{rel}","templated":true}]}}