{"id":188,"date":"2025-05-06T20:39:02","date_gmt":"2025-05-06T20:39:02","guid":{"rendered":"https:\/\/reisinger-adrian.web.kslinz.at\/Maennerbrau\/index.php\/produkt\/freistaedter-ratsherrn\/"},"modified":"2025-05-06T21:19:57","modified_gmt":"2025-05-06T21:19:57","slug":"freistaedter-ratsherrn","status":"publish","type":"product","link":"https:\/\/reisinger-adrian.web.kslinz.at\/Maennerbrau\/index.php\/produkt\/freistaedter-ratsherrn\/","title":{"rendered":"Freist\u00e4dter Ratsherrn"},"content":{"rendered":"<p>Freist\u00e4dter Ratsherrn ist ein klassisches Bier aus \u00d6sterreich, das mit traditioneller Braukunst \u00fcberzeugt.<\/p>\n","protected":false},"excerpt":{"rendered":"<p>Freist\u00e4dter Ratsherrn ist ein klassisches Bier aus \u00d6sterreich, das mit traditioneller Braukunst \u00fcberzeugt.<\/p>\n","protected":false},"featured_media":233,"template":"","meta":[],"product_brand":[],"product_cat":[21],"product_tag":[22],"class_list":{"0":"post-188","1":"product","2":"type-product","3":"status-publish","4":"has-post-thumbnail","6":"product_cat-bier","7":"product_tag-oesterreich","9":"first","10":"instock","11":"shipping-taxable","12":"purchasable","13":"product-type-simple"},"_links":{"self":[{"href":"https:\/\/reisinger-adrian.web.kslinz.at\/Maennerbrau\/index.php\/wp-json\/wp\/v2\/product\/188","targetHints":{"allow":["GET"]}}],"collection":[{"href":"https:\/\/reisinger-adrian.web.kslinz.at\/Maennerbrau\/index.php\/wp-json\/wp\/v2\/product"}],"about":[{"href":"https:\/\/reisinger-adrian.web.kslinz.at\/Maennerbrau\/index.php\/wp-json\/wp\/v2\/types\/product"}],"wp:featuredmedia":[{"embeddable":true,"href":"https:\/\/reisinger-adrian.web.kslinz.at\/Maennerbrau\/index.php\/wp-json\/wp\/v2\/media\/233"}],"wp:attachment":[{"href":"https:\/\/reisinger-adrian.web.kslinz.at\/Maennerbrau\/index.php\/wp-json\/wp\/v2\/media?parent=188"}],"wp:term":[{"taxonomy":"product_brand","embeddable":true,"href":"https:\/\/reisinger-adrian.web.kslinz.at\/Maennerbrau\/index.php\/wp-json\/wp\/v2\/product_brand?post=188"},{"taxonomy":"product_cat","embeddable":true,"href":"https:\/\/reisinger-adrian.web.kslinz.at\/Maennerbrau\/index.php\/wp-json\/wp\/v2\/product_cat?post=188"},{"taxonomy":"product_tag","embeddable":true,"href":"https:\/\/reisinger-adrian.web.kslinz.at\/Maennerbrau\/index.php\/wp-json\/wp\/v2\/product_tag?post=188"}],"curies":[{"name":"wp","href":"https:\/\/api.w.org\/{rel}","templated":true}]}}